 314 is divided by 64?
58
Calculate the remainder when 665 is divided by 170.
155
What is the remainder when 449 is divided by 59?
36
Calculate the remainder when 2185 is divided by 234.
79
What is the remainder when 13 is divided by 7?
6
What is the remainder when 4062 is divided by 156?
6
What is the remainder when 620 is divided by 258?
104
What is the remainder when 481 is divided by 18?
13
Calculate the remainder when 341 is divided by 72.
53
What is the remainder when 1539 is divided by 23?
21
Calculate the remainder when 373 is divided by 124.
1
Calculate the remainder when 55 is divided by 19.
17
Calculate the remainder when 523 is divided by 19.
10
What is the remainder when 387 is divided by 49?
44
Calculate the remainder when 58 is divided by 8.
2
Calculate the remainder when 37 is divided by 8.
5
Calculate the remainder when 376 is divided by 199.
177
Calculate the remainder when 259 is divided by 44.
39
Calculate the remainder when 78 is divided by 4.
2
Calculate the remainder when 918 is divided by 254.
156
What is the remainder when 101 is divided by 50?
1
Calculate the remainder when 32 is divided by 17.
15
Calculate the remainder when 81 is divided by 6.
3
Calculate the remainder when 85 is divided by 18.
13
What is the remainder when 2774 is divided by 274?
34
Calculate the remainder when 2477 is divided by 124.
121
What is the remainder when 696 is divided by 231?
3
Calculate the remainder when 725 is divided by 28.
25
Calculate the remainder when 1966 is divided by 23.
11
Calculate the remainder when 11634 is divided by 13.
12
Calculate the remainder when 433 is divided by 296.
137
What is the remainder when 195 is divided by 77?
41
Calculate the remainder when 435 is divided by 89.
79
What is the remainder when 60 is divided by 12?
0
Calculate the remainder when 629 is divided by 10.
9
What is the remainder when 1440 is divided by 54?
36
Calculate the remainder when 583 is divided by 73.
72
What is the remainder when 1675 is divided by 48?
43
Calculate the remainder when 1244 is divided by 39.
35
Calculate the remainder when 249 is divided by 59.
13
Calculate the remainder when 98 is divided by 16.
2
Calculate the remainder when 471 is divided by 19.
15
Calculate the remainder when 201 is divided by 37.
16
What is the remainder when 151 is divided by 80?
71
What is the remainder when 412 is divided by 98?
20
What is the remainder when 527 is divided by 60?
47
What is the remainder when 113 is divided by 109?
4
Calculate the remainder when 16130 is divided by 148.
146
Calculate the remainder when 379 is divided by 48.
43
What is the remainder when 6022 is divided by 12?
10
Calculate the remainder when 1412 is divided by 142.
134
Calculate the remainder when 5275 is divided by 47.
11
Calculate the remainder when 5445 is divided by 12.
9
What is the remainder when 116 is divided by 6?
2
What is the remainder when 2592 is divided by 291?
264
Calculate the remainder when 194 is divided by 5.
4
What is the remainder when 4285 is divided by 330?
325
What is the remainder when 172 is divided by 45?
37
Calculate the remainder when 4887 is divided by 34.
25
What is the remainder when 6119 is divided by 34?
33
What is the remainder when 878 is divided by 20?
18
Calculate the remainder when 53 is divided by 6.
5
What is the remainder when 203 is divided by 11?
5
Calculate the remainder when 471 is divided by 102.
63
Calculate the remainder when 563 is divided by 181.
20
What is the remainder when 24 is divided by 17?
7
Calculate the remainder when 289 is divided by 6.
1
What is the remainder when 1707 is divided by 8?
3
What is the remainder when 492 is divided by 9?
6
Calculate the remainder when 143 is divided by 38.
29
Calculate the remainder when 57 is divided by 29.
28
What is the remainder when 542 is divided by 94?
72
What is the remainder when 515 is divided by 37?
34
What is the remainder when 42 is divided by 13?
3
What is the remainder when 798 is divided by 40?
38
What is the remainder when 17809 is divided by 292?
289
Calculate the remainder when 332 is divided by 168.
164
What is the remainder when 592 is divided by 588?
4
Calculate the remainder when 7631 is divided by 48.
47
What is the remainder when 539 is divided by 101?
34
Calculate the remainder when 109 is divided by 103.
6
Calculate the remainder when 1231 is divided by 265.
171
What is the remainder when 22 is divided by 15?
7
What is the remainder when 22 is divided by 9?
4
Calculate the remainder when 952 is divided by 315.
7
What is the remainder when 140 is divided by 25?
15
Calculate the remainder when 742 is divided by 148.
2
What is the remainder when 58 is divided by 36?
22
What is the remainder when 52537 is divided by 185?
182
What is the remainder when 197 is divided by 8?
5
Calculate the remainder when 340 is divided by 265.
75
What is the remainder when 577 is divided by 2?
1
What is the remainder when 1351 is divided by 11?
9
What is the remainder when 1039 is divided by 9?
4
What is the remainder when 487 is divided by 117?
19
Calculate the remainder when 37 is divided by 24.
13
What is the remainder when 564 is divided by 95?
89
Calculate the remainder when 675 is divided by 4.
3
Calculate the remainder when 162 is divided by 55.
52
What is the remainder when 77 is divided by 5?
2
What is the remainder when 3075 is divided by 81?
78
What is the remainder when 771 is divided by 247?
30
Calculate the remainder when 250 is divided by 23.
20
What is the remainder when 207 is divided by 40?
7
Calculate the remainder when 959 is divided by 69.
62
What is the remainder when 1315 is divided by 306?
91
What is the remainder when 72 is divided by 46?
26
What is the remainder when 276 is divided by 19?
10
Calculate the remainder when 739 is divided by 8.
3
Calculate the remainder when 263 is divided by 7.
4
Calculate the remainder when 428 is divided by 27.
23
What is the remainder when 10655 is divided by 48?
47
What is the remainder when 226 is divided by 60?
46
Calculate the remainder when 188 is divided by 30.
8
What is the remainder when 127 is divided by 66?
61
Calculate the remainder when 68 is divided by 54.
14
What is the remainder when 2155 is divided by 196?
195
Calculate the remainder when 619 is divided by 5.
4
Calculate the remainder when 96 is divided by 61.
35
Calculate the remainder when 98 is divided by 49.
0
Calculate the remainder when 17 is divided by 3.
2
What is the remainder when 525 is divided by 153?
66
What is the remainder when 3417 is divided by 171?
168
What is the remainder when 1637 is divided by 91?
90
What is the remainder when 104 is divided by 27?
23
Calculate the remainder when 355 is divided by 10.
5
Calculate the remainder when 4287 is divided by 1421.
24
What is the remainder when 900 is divided by 53?
52
What is the remainder when 465 is divided by 47?
42
What is the remainder when 31 is divided by 26?
5
What is the remainder when 83 is divided by 8?
3
What is the remainder when 537 is divided by 26?
17
Calculate the remainder when 1370 is divided by 449.
23
What is the remainder when 181 is divided by 33?
16
What is the remainder when 4032 is divided by 94?
84
Calculate the remainder when 295 is divided by 25.
20
Calculate the remainder when 164 is divided by 49.
17
What is the remainder when 204 is divided by 40?
4
Calculate the remainder when 672 is divided by 75.
72
What is the remainder when 128 is divided by 26?
24
Calculate the remainder when 4161 is divided by 79.
53
Calculate the remainder when 245 is divided by 6.
5
Calculate the remainder when 935 is divided by 44.
11
Calculate the remainder when 844 is divided by 26.
12
Calculate the remainder when 1007 is divided by 37.
8
Calculate the remainder when 325 is divided by 158.
9
What is the remainder when 336 is divided by 19?
13
What is the remainder when 28415 is divided by 32?
31
What is the remainder when 810 is divided by 213?
171
Calculate the remainder when 6352 is divided by 155.
152
What is the remainder when 300 is divided by 234?
66
What is the remainder when 61 is divided by 16?
13
What is the remainder when 4506 is divided by 282?
276
What is the remainder when 81 is divided by 25?
6
Calculate the remainder when 933 is divided by 4.
1
Calc